{"id":11,"date":"2015-08-06T12:42:43","date_gmt":"2015-08-06T10:42:43","guid":{"rendered":"http:\/\/kinderarzt-wolfsberg.at\/?page_id=11"},"modified":"2024-05-22T16:19:24","modified_gmt":"2024-05-22T14:19:24","slug":"impressum","status":"publish","type":"page","link":"https:\/\/kinderarzt-wolfsberg.at\/index.php\/impressum\/","title":{"rendered":"Impressum"},"content":{"rendered":"<p>Information gem\u00e4\u00df \u00a7 5 E-Commerce-Gesetz und Offenlegung gem\u00e4\u00df \u00a7 25 Mediengesetz.<\/p>\n<p>Dienstanbieter und Medieninhaber:<\/p>\n<p><strong>Dr. Robert Payer<\/strong><br \/>\nPestalozzistrasse 2<br \/>\n9400 Wolfsberg<br \/>\n\u00d6sterreich<\/p>\n<p>Tel. +43 43 52 20135<br \/>\nFax +43 43 52 20135 20<br \/>\nHomepage <a href=\"http:\/\/www.kinderarzt-wolfsberg.at\">www.kinderarzt-wolfsberg.at<\/a><\/p>\n<p>Mitglied der \u00c4rztekammer f\u00fcr K\u00e4rnten<br \/>\nBerufsbezeichnung: Facharzt f\u00fcr Kinder und Jugendheilkunde (verliehen in \u00d6sterreich)<br \/>\nT\u00e4tigkeit unterliegt dem \u00c4rztegesetz 1998 (siehe <a href=\"http:\/\/www.ris.bka.gv.at\/bundesrecht\" target=\"_blank\" rel=\"noopener\">www.ris.bka.gv.at\/bundesrecht<\/a>)<\/p>\n<h3><\/h3>\n<h3><strong>Website Erstellung<\/strong><\/h3>\n<p><big><a href=\"https:\/\/www.kutschera.co.at\">Kutschera Datentechnik GmbH<\/a><br \/>\nFischeraustra\u00dfe 13\/5<br \/>\n8051 Graz-G\u00f6sting<br \/>\n\u00d6sterreich<\/big><\/p>\n<p><big><strong>Powered by \u00c4rztesoftware ganyMED<br \/>\nf\u00fcr Kinder\u00e4rzte<\/strong> <a href=\"https:\/\/www.ganymed.at\/anwendungsbereiche\/kinder-und-jugendheilkunde\/\">www.ganymed.at<\/a><\/big><\/p>\n","protected":false},"excerpt":{"rendered":"<p>Information gem\u00e4\u00df \u00a7 5 E-Commerce-Gesetz und Offenlegung gem\u00e4\u00df \u00a7 25 Mediengesetz. Dienstanbieter und Medieninhaber: Dr. Robert Payer Pestalozzistrasse 2 9400 Wolfsberg \u00d6sterreich Tel. +43 43 52 20135 Fax +43 43 52 20135 20 Homepage www.kinderarzt-wolfsberg.at Mitglied der \u00c4rztekammer f\u00fcr K\u00e4rnten&hellip;<\/p>\n","protected":false},"author":1,"featured_media":0,"parent":0,"menu_order":0,"comment_status":"closed","ping_status":"open","template":"","meta":[],"_links":{"self":[{"href":"https:\/\/kinderarzt-wolfsberg.at\/index.php\/wp-json\/wp\/v2\/pages\/11"}],"collection":[{"href":"https:\/\/kinderarzt-wolfsberg.at\/index.php\/wp-json\/wp\/v2\/pages"}],"about":[{"href":"https:\/\/kinderarzt-wolfsberg.at\/index.php\/wp-json\/wp\/v2\/types\/page"}],"author":[{"embeddable":true,"href":"https:\/\/kinderarzt-wolfsberg.at\/index.php\/wp-json\/wp\/v2\/users\/1"}],"replies":[{"embeddable":true,"href":"https:\/\/kinderarzt-wolfsberg.at\/index.php\/wp-json\/wp\/v2\/comments?post=11"}],"version-history":[{"count":9,"href":"https:\/\/kinderarzt-wolfsberg.at\/index.php\/wp-json\/wp\/v2\/pages\/11\/revisions"}],"predecessor-version":[{"id":370,"href":"https:\/\/kinderarzt-wolfsberg.at\/index.php\/wp-json\/wp\/v2\/pages\/11\/revisions\/370"}],"wp:attachment":[{"href":"https:\/\/kinderarzt-wolfsberg.at\/index.php\/wp-json\/wp\/v2\/media?parent=11"}],"curies":[{"name":"wp","href":"https:\/\/api.w.org\/{rel}","templated":true}]}}